x + 991*x - 9315. Suppose -4*o - 56 = -2*w - 2*o, 103 = 4*w + 5*o. Calculate the highest common factor of w and x.
9
Suppose -29*r = -18*r - 22. Let p be ((-50)/r)/((-3)/(-3))*-1. What is the highest common factor of 25 and p?
25
Let n be 5 + (1 + -5)/4. Suppose v = 4*f - 2, 0*v + v - f = 4. What is the highest common factor of n and v?
2
Suppose -34*k - 2*c = -36*k + 26, -5*k - 3*c + 73 = 0. Let r be 35 - (-2 + 3 - 1). What is the greatest common factor of r and k?
7
Suppose -24*y = -96 - 0. Suppose -3*f + 12 = 0, -2*f - 62 = -y*t + 90. Let n = 47 + -27. What is the greatest common factor of n and t?
20
Let q(a) = -a**3 - 9*a**2 + 8*a + 17. Let p be q(-10). Suppose 24*l - 805 = -p. What is the greatest common divisor of 14 and l?
2
Let y(u) be the first derivative of 22*u**2 + 100*u + 186. Let g be y(5). Calculate the highest common divisor of 80 and g.
80
Let j = -2839 + 3536. Calculate the highest common factor of 123 and j.
41
Let p(n) = -11*n. Let z be p(-1). Let i = 0 + z. Let v = 11420 - 11419. What is the highest common factor of i and v?
1
Let z be 15/(-45) - 37/(-3). Let m = 20 + 32. Let t = m + -40. What is the greatest common divisor of z and t?
12
Suppose 86 = 40*k - 36 - 38. Suppose 4*q - 4*u = 8, -5*u - 2 - 3 = 0. Let d be q/4 - 213/(-12). What is the greatest common factor of k and d?
2
Let s(y) = 19*y + 48*y + 18*y - 17 - 10*y. Let i be s(3). What is the highest common factor of i and 8?
8
Let v = -135 - -322. Let w = 243 - v. What is the greatest common divisor of 7 and w?
7
Let o(p) = 424*p**3 + 4*p**2 - p - 3. Let v be o(1). Calculate the highest common divisor of 2385 and v.
53
Let x(o) = 3*o - 4. Let t be x(3). Let b = 247 - 175. Suppose 0 = t*a - b - 108. Calculate the highest common divisor of a and 60.
12
Let y(x) = 4*x**2 + 6*x + 48. Let k be y(-5). Let r = k - 108. Calculate the highest common divisor of r and 170.
10
Let z = 6 + 2. Suppose -763 = 5*j - 923. Calculate the highest common factor of z and j.
8
Let d be (-6)/33 - (-6192)/176. Calculate the highest common divisor of 280 and d.
35
Suppose -1788*z + 1820*z - 4608 = 0. Calculate the greatest common factor of 80 and z.
16
Let a = -943 - -1293. Calculate the highest common divisor of a and 770.
70
Suppose -i = -9*i - 40. Let m be (-2)/(-11) - (i - 65/(-55)). Suppose 5*j = -s + 7, 0 = -2*s + j + m*j + 14. What is the greatest common divisor of 7 and s?
7
Let d = -9398 + 9399. Calculate the highest common divisor of d and 659.
1
Suppose 0 = -5*c - 0*c + 310. Let i = 67 - c. Suppose -i*x - 6*w + 1115 = -w, -5*x + 1124 = -4*w. Calculate the highest common factor of x and 28.
28
Let w be (307 + 1215/27)*(-2)/(-4). Suppose 4*j + 36 = 5*h - 39, 3*h - 58 = 5*j. Calculate the greatest common divisor of h and w.
11
Let b be 60/50*20/8. Suppose -c + 472 = b*c - 4*r, 5*c = -3*r + 582. Let v = 17 - -61. Calculate the highest common divisor of c and v.
39
Suppose 8*j = 3*j + 60. Let h = 100 - j. Suppose -3*g = -3*n + 48, -5*n + g = -2*g - h. What is the greatest common divisor of 20 and n?
20
Suppose 15 = 7*w + 1. Let s(b) = 3*b + 1 + 8 + w. Let p be s(0). Calculate the greatest common divisor of 99 and p.
11
Let n(q) = 86*q**2 - 43*q**2 + 44 + 17*q - 41*q**2. Let b be n(-10). What is the greatest common divisor of 74 and b?
74
Let q(c) = 148*c**2 + 133*c + 439. Let l be q(-5). What is the greatest common factor of l and 72?
18
Let m(w) = -w**3 - 30*w**2 - 38*w - 1357. Let d be m(-31). Calculate the greatest common factor of d and 644.
46
Let f be (-2 - 8)/(-5 - -3). Suppose -o - 96 = -f*o. Suppose 7*g = 4*v - 117, -4*v + 3*g + 23 + 82 = 0. What is the greatest common factor of v and o?
24
Suppose x - 20*x = -650 + 42. What is the greatest common divisor of x and 2784?
32
Let c(l) = -97*l - 2089. Let q be c(-27). Calculate the highest common factor of 106 and q.
106
Suppose 0 = -16*m - 2*m + m + 459. What is the highest common divisor of m and 936?
9
Suppose 209*f - 214*f = -2*l - 99, 5*l = -35. Calculate the highest common factor of f and 425.
17
Let y be ((-230)/4)/((-4 - 0)/8). Let i = y + -91. What is the greatest common divisor of 16 and i?
8
Let k(a) = 12*a**3 + 110*a**2 - 54. Let i be k(6). Calculate the greatest common divisor of 57 and i.
57
Suppose 2*i - 538 = -4*u, -4*i - 5*u = -986 - 96. Let h be (i/(-28))/((-12)/32). Calculate the highest common factor of h and 117.
13
Let z(t) = t**2 + 8*t - 18. Let k be z(-4). Let c = -17 - k. Calculate the greatest common divisor of 136 and c.
17
Suppose -p + 54 = -28. Suppose -17*s - 54 = p. Let l(k) = -k**2 - 15*k - 4. Let x be l(s). What is the greatest common factor of 4 and x?
4
Let q be 3/((-27)/(-12) - 2). Let k be -4 - ((-18)/2 - 0). Suppose 0 = -2*r - k*c + 44, -3*r + 5*c + 28 = r. What is the greatest common factor of r and q?
12
Suppose -8*g - 38*h = -41*h - 598, 0 = 4*g + 2*h - 320. Calculate the greatest common factor of 6083 and g.
77
Let a = -388 - -167. Let i = -191 - a. What is the greatest common factor of i and 30?
30
Suppose 93*l = 31*l + 6076. Let a = l - -118. Calculate the greatest common factor of 48 and a.
24
Let l(p) = 4751*p + 5*p**2 + 3 - 4747*p + 9. Suppose -s - 14 = -m - 6, -10 = s - 2*m. Let h be l(s). Calculate the greatest common divisor of 21 and h.
21
Suppose 331 = -10*m + 871. Suppose -4*r + 146 = 4130. Let p = 1482 + r. Calculate the highest common divisor of m and p.
54
Let r(c) = -c**3 + 6*c**2 + 17*c + 23. Let u be r(8). Let q be (-450)/9 - (2 + -2). Let b = 112 + q. Calculate the highest common factor of u and b.
31
Let f = 28 + -91. Suppose 4*i = -154 - 230. Let a = f - i. Calculate the greatest common divisor of 3 and a.
3
Let i(u) = 5*u**2 - 274*u + 1607. Let t be i(6). Calculate the greatest common divisor of t and 264.
11
Suppose 3*j - 3710 = -f, 8*f + 36*j - 29636 = 34*j. Calculate the highest common factor of f and 24.
8
Let z be (-7 - -61)/9 - -38. What is the greatest common factor of 913 and z?
11
Let g be (-5042)/(-21) + (-96)/1008. Suppose 5*y = 3*l + g, -2*y + 13 = -2*l - 87. Calculate the highest common factor of y and 18.
9
Let a(y) = 2*y - 4. Let h be a(-6). Let g(d) = -4*d - 48. Let i be g(h). What is the highest common factor of i and 136?
8
Suppose 0 = 3*b - 3, -4*u - 206 = 6*b - 4*b. Let a be u - -46 - (0 - 1608). Calculate the greatest common divisor of 18 and a.
18
Let i be ((-8)/(-10))/(-4 + (-1746)/(-435)). Suppose -3*r - 1033 = -j - 1036, 9 = 3*j. What is the highest common divisor of r and i?
2
Let h be -9*(15/(-3) + -2). Suppose 16*v - 35*v + 483 = 4*v. Calculate the highest common factor of h and v.
21
Suppose 287 = 3*w + 2*i, -71 = -2*w + i + 132. Let v = -58 + 60. Suppose 0 = -n - 3*r + v + 6, 0 = 3*n - 3*r - 36. What is the highest common factor of w and n?
11
Let y(p) = -p**3 + 4*p**2 + 14*p. Let f be y(6). Let g be f - 6/12*8. Calculate the highest common factor of g and 392.
8
Suppose 240 = -20514*c + 20516*c. Calculate the highest common factor of c and 825.
15
Suppose 2 = -2*y, 2*p - 3*y + y = 352. Let x(d) = d**3 - 5*d**2 - 130*d + 675. Let s be x(5). What is the greatest common divisor of s and p?
25
Let t(c) = -8*c + 59. Let b be 7*-8*(-18)/168. Let n be t(b). Calculate the greatest common factor of n and 99.
11
Let r = -2701 - -2725. Calculate the greatest common divisor of r and 291.
3
Let f be 8189/247 - 2/13. Let v = -12 + f. What is the greatest common divisor of v and 7?
7
Suppose -3*r - 2*w + 83 = 0, -5*r - 4*w + 156 = 15. Calculate the highest common factor of r and 7225.
25
Suppose 11700 = -436*l + 449*l. What is the greatest common divisor of 240 and l?
60
Let y = 9985 + -9561. What is the greatest common divisor of y and 24?
8
Let z be -10*(-6)/24*208. What is the highest common divisor of z and 2120?
40
Suppose -8434 = 77*s - 68717 - 12405. Calculate the highest common divisor of s and 96.
16
Let t(l) = -3*l**2 - 12*l + 10. Let u be t(-6). Let f(b) = b**2 + 23*b - 36. Let i be f(u). What is the highest common factor of 294 and i?
42
Let l(v) = 8*v - 193. Let p be l(6). Let w = 5 - p. What is the highest common divisor of w and 120?
30
Suppose 47454 = 202*t - 60818. What is the greatest common factor of 128 and t?
8
Let p = -47 + 106. Let z be ((-33)/22)/((-6)/(-16)) + p. Calculate the greatest common divisor of z and 11.
11
Let d